3*a**3 - a. Let s = -31 - -36. Give h(s).
-6
Let l(g) = 4*g**2 + 2*g - 1. Suppose -k + 5 = 1. Suppose f + 3*f = k. Give l(f).
5
Let u be 3/(-2)*12/(-9). Let t(w) = -3*w**2 + w**u + w**2 + 0*w**2 + 6*w - 3. Calculate t(5).
2
Let a(j) = 4*j - 1. Let m(d) = 2*d - 34. Let v be m(16). Calculate a(v).
-9
Let j(p) = 0*p**2 + p**2 + 6*p + 2 + 1 - 6. What is j(-6)?
-3
Let v = 4 + 0. Let i(j) = -10 - 4*j + 4*j + j + 3. Give i(v).
-3
Let h(v) = -v. Suppose 9*n - 24 - 3 = 0. Calculate h(n).
-3
Let v(f) = -f**2 + 5. Let w(b) = b**3 + 4*b**2 + 2*b - 3. Let g be w(-3). Suppose g*j = 4*o + 4*j, 5*o + 4*j - 4 = 0. What is v(o)?
-11
Let y(c) = -c**3 + 3*c**2 + 3*c - 3. Suppose 0 = 2*r - 3*r + 3. Calculate y(r).
6
Let l be (-4)/6 - 20/(-12). Let y(m) = 0 + l + 3 - m. Suppose 3*q - 30 = 5*p, -p + 17 = q + 3*q. Give y(q).
-1
Let p(n) = -5 - n - n**2 + 0*n + 3*n - 6*n. Determine p(-4).
-5
Suppose 2 = 2*i, 0*a + 3*a - 2*i = -14. Let m(z) = -3*z + 3*z + 4 + 2*z + 0*z. Determine m(a).
-4
Let v(x) = -x - 2*x + 9*x**2 - 10*x**2. Give v(-5).
-10
Suppose -48*s + 51*s + 6 = 0. Let t(l) = -l**3 - 2*l**2 - 4*l - 2. What is t(s)?
6
Let q(i) be the second derivative of i**6/360 + i**5/24 - 5*i**4/24 - i**3/6 + 5*i. Let f(k) be the second derivative of q(k). What is f(-6)?
1
Let j(y) be the second derivative of -y**2 + 5/6*y**3 + y + 0 + 1/24*y**4. Let w(v) be the first derivative of j(v). Calculate w(-5).
0
Let t(s) = -5*s**2 - 46*s - 19. Let z(x) = -x**2 - 9*x - 4. Let l = -25 + 14. Let p(g) = l*z(g) + 2*t(g). Give p(-5).
-4
Suppose 4*i - 5 = -25. Let h(m) = -m**3 - 5*m**2 + 3*m + 4. What is h(i)?
-11
Let i = -15 - -36. Suppose -51 = -5*n - i. Let j(a) = -2*a + 7. What is j(n)?
-5
Let s(b) = 3*b**3 + 2*b**2 - b. Let x be s(1). Let p(j) = j**3 + j**3 + x - 6*j + 0*j - 3*j**2 - j**3. Determine p(4).
-4
Let n(p) = p + 1. Let s(d) = d**3 + 3*d**2 - 2*d + 4. Let t be s(-4). Give n(t).
-3
Let x(b) = -1 - 36*b + 0 + 35*b. Determine x(-5).
4
Suppose l - 5*b = -9 - 6, 4*l - 3*b = -26. Let h = l - -9. Suppose -h = 3*r - 5*p, -r = 2*p - 7*p + 8. Let i(f) = f + 1. Give i(r).
3
Suppose r = 3*r. Let s(f) = -f**2 - 6 + 8*f**2 - 8*f**2. What is s(r)?
-6
Let d(m) = m**3 - 3*m**2 - 2*m - 1. Let t(r) = r**3 - 4*r**2 + r - 5. Let k be t(4). Let q be (-3 + 6 - 5)*k. Give d(q).
-9
Suppose -3*w = -4*d + 29, 7*w - 5*d + 28 = 6*w. Let x(n) = -n**3 - 2*n**2 + 3*n - 2. Calculate x(w).
-2
Suppose -2*j - 20 = -6*j. Let d(g) = -g**3 + 6*g**2 - 2*g - 1. Calculate d(j).
14
Let w = 2 - -1. Let p = w + -1. Let q(l) = 19 - 17 - l + 0*l. Determine q(p).
0
Let t(p) = 10*p - 2. Let s be t(5). Let j be 3/2*s/18. Let b(f) = f**3 - 4*f**2 + f. Determine b(j).
4
Let f(k) be the third derivative of k**6/24 + k**4/12 + k**3/6 + 25*k**2. Let o = 5 + -6. Determine f(o).
-6
Let u(s) = -4*s - 2. Let o(p) = 21*p + 11. Let q(h) = 2*o(h) + 11*u(h). Let d be 0*((-2)/1)/4. Let x = d + -2. Calculate q(x).
4
Let b(s) = -2*s**2 - 3*s - 3. Let m = -13 + 4. Let v be ((-4)/(-12))/(1/m). Give b(v).
-12
Let x(g) = 6*g**3 - 7*g**2 - 5*g + 6. Let y(z) = -5*z**3 + 7*z**2 + 4*z - 5. Let a(s) = 4*x(s) + 5*y(s). What is a(7)?
-1
Let s be 1/8 - 568/(-64). Let b(v) = 6*v**2 + s*v**2 + v**3 - 21*v**2 + 4*v + 3. Let f = 18 - 13. What is b(f)?
-2
Let y(d) = 5*d**2 + 1. Suppose -3*n + 4 = 1. Suppose -n + 5 = 4*p. Determine y(p).
6
Let r(k) be the second derivative of k**3/6 + 3*k**2 - 15*k - 2. What is r(5)?
11
Let m(r) = 3*r + r**3 + 2*r - 1 + 0*r - 5*r**2. Let u be m(4). Let d(l) = 4*l + 0 + 4 + l**3 - 8*l - 2*l**2. What is d(u)?
1
Let m(i) = 2*i**2 + 3*i. Let d be m(-2). Let x(g) = 3*g + g**2 - d - 7 + 13. Calculate x(-4).
8
Suppose 0 = 2*b - a - 5, 3*b + 3*a = 5*b - 15. Let y = 12 + -8. Let c = y + b. Let o(z) = z - 4. What is o(c)?
0
Let w(c) = -3*c - 17. Let s(b) = 8*b + 50. Let p(m) = -4*s(m) - 11*w(m). Determine p(11).
-2
Suppose 0*n = 5*n - 25. Let x(w) be the second derivative of -w**3 - 1/3*w**4 + 3*w**2 - 3*w + 0 + 1/20*w**5. Determine x(n).
1
Let i(c) be the first derivative of -c**3/3 - c**2/2 + 6*c - 21. Give i(-5).
-14
Let v(i) = i + 1. Let q = 5 + -1. Suppose -t = 2*u - 5, 4*u - 3*t = 3*u - 1. Suppose q*f - 5*l = -f - 20, -5*l + 20 = u*f. What is v(f)?
1
Let k(r) = 4*r - 5 + 3*r + 2*r - 4*r + r**2. Determine k(-6).
1
Let r = 25 + -20. Suppose -3*n = -4*y + 15, 0 = r*n - 2*n - 5*y + 18. Let b(j) = 6*j**3 + j**2 - j - 1. Calculate b(n).
-5
Let g(n) = -n**2 + 4*n - 1. Suppose 2 = -r - 4*s, -8 - 2 = -3*r - 4*s. Determine g(r).
-13
Let x(s) = s**3 + 10*s**2 + 10*s + 3. Let k(t) = t**3 - 2*t**2 - 5*t - 3. Let h be k(3). Determine x(h).
-6
Let q(c) = -c - 2. Let n(p) = -p**2 - 5*p - 2. Let u be n(-4). Give q(u).
-4
Let k(j) = 4*j**2 + 7*j + 4. Let c(r) = r**2. Let n(z) = 3*c(z) - k(z). Let a = 2 + -2. Suppose 2 = -l, a = 2*x + 5*l + 16 + 4. Give n(x).
6
Let q(u) = -6*u**3 - u**2 - u + 1. Let h = 1 - 5. Let a = -3 - h. What is q(a)?
-7
Let p(a) be the first derivative of -a**2 + 4 + 2/3*a**3 - 3*a. Give p(3).
9
Let n(z) = -2*z + 3. Suppose p - 5 = -2. Let j = 1 + 1. Suppose k - p = j*k. What is n(k)?
9
Suppose -5*l - 14 = 16. Let c(s) = s**3 + 7*s**2 + 7*s + 5. Give c(l).
-1
Suppose -8*f - 11 - 37 = 0. Let n(g) be the first derivative of -g**4/4 - 7*g**3/3 - 2*g**2 + 6*g + 1. Give n(f).
-6
Let d be (-8)/6*3 - -3. Let w(l) = -l**2 - 3 - 5*l + 2 + 3*l. Give w(d).
0
Let s(j) = 3*j**3 - j - 1. Let x be s(-1). Let g(f) be the second derivative of f**3/2 - f**2 - 2*f. Determine g(x).
-11
Suppose 22*m + 14 = 24*m. Let k(h) = 4*h - 4. Calculate k(m).
24
Suppose -5*i + u + 5 = 0, -i + u - 1 = -2. Let m(c) = -6*c**3 + c**2 - c + 1. What is m(i)?
-5
Let g(m) = m**2 + 7*m + 3. Let f be g(-6). Let o(t) = -2*t - 2. Let w(v) = v + 1. Let i(l) = -o(l) - w(l). Calculate i(f).
-2
Let b(o) be the first derivative of 2*o**3/3 + 5*o**2/2 - 3*o - 6. Give b(-4).
9
Let i(h) = 18 - 17 + 4*h + 0*h. Let a = -29 + 30. Determine i(a).
5
Let x(g) = 12*g. Suppose 4*w = 10 + 2. Let p be -3 - (-7 + 2 + w). Calculate x(p).
-12
Let i(z) = -5*z + 2*z + 4*z + 6 + 0*z. Let g = -53 + 48. Determine i(g).
1
Suppose 0 = -3*a + 8 + 4. Let m(n) = n + 5. Let y(d) = -d - 2. Let x(z) = -3*m(z) - 7*y(z). Let g(v) = -v**2 + 1. Let s(q) = g(q) + x(q). Give s(a).
0
Let v be ((-6)/(-8))/(7/28). Let b(k) = -3*k**3 + 12*k**2 - 6*k + 20. Let x(a) = a**3 - 4*a**2 + 2*a - 7. Let o(z) = 6*b(z) + 17*x(z). Give o(v).
4
Let c(r) = -11*r + 1. Let q(g) = 13*g - 2. Let x(a) = 7*c(a) + 6*q(a). Give x(-4).
-9
Let n(b) be the third derivative of -b**4/24 + b**3/6 - b**2. Let t(m) = m**3 - 2*m**2 - m + 1. Let d be t(3). Let g be d/(-28) - 17/(-4). Calculate n(g).
-3
Let k be (14/35)/((-2)/(-40)). Let p(s) = -k*s + 17 - 5 + s**2 + 9*s. Determine p(0).
12
Let c(m) be the first derivative of -m + 2. Let v(w) = w**2 - 7*w + 1. Let l be (5/10)/((-1)/(-2)). Let k(g) = l*v(g) + 2*c(g). Give k(6).
-7
Suppose -35 = -0*z - 5*z + 3*p, 5*p = 0. Let f be (-21)/(-6)*4/z. Suppose 1 = -k - f. Let c(r) = -r**3 - 4*r**2 - 2*r - 1. Calculate c(k).
-4
Let t = -19 - -27. Let c = t + -4. Let h be (c + -2)/(1 - 0). Let i(a) = a**2 - 2*a + 3. Give i(h).
3
Suppose -4*c + 3*a = -18, a - 32 = -5*c - 0*c. Let m(s) = -s**3 - 1 - 3*s**2 + c*s**3 - 4*s**3 + 5*s - 2*s. Determine m(3).
8
Let h(p) = -p - 1. Suppose 5*f + 5 = -3*j, 0 - 4 = 4*f + 5*j. Let z(r) = 5*r**2 + 4*r + 3. Let q(a) = f*z(a) - 4*h(a). Calculate q(1).
-4
Let g(t) = -3*t**2 + t - 6 + 1 + 3 + 2*t**2. What is g(3)?
-8
Let b(k) be the second derivative of k**3/6 + 2*k. Let y(t) = 2*t**3 - 13*t**2 - 6*t - 1. Let x be y(7). Determine b(x).
6
Let z(v) be the third derivative of -v**6/120 + 2*v**5/15 - v**4/24 + 2*v**3/3 - 3*v**2. Let n be z(8). Let a(h) = h**2 + 4*h + 2. What is a(n)?
2
Suppose 2*v + 1 = 5*d - 23, v + 22 = 5*d. Let a(s) = 2*s**2 - 1. Determine a(v).
7
Let w = -17 + 24. Let z = 9 - w. Let s(b) = -b**3 + 3*b**2. Determine s(z).
4
Let x(t) = -t**2 + 7*t + 11. Let l be x(8). Let n(o) = -3. Let f(c) = c + 1. Let p(j) = l*f(j) + n(j). Calculate p(3).
9
Let q(b) be the third derivative of 0*b + 0 - 1/15*b**5 + 1/12*b**4 + 1/120*b**6 + 4*b**2 + 0*b**3. Determine q(4).
8
Let l(v) = 4*v**3 - 2*v**2 + 10*v + 3. Let q(n) = n**3 + n**2 + n. Let y(d) = l(d) - 5*q(d). Determine y(-7).
-32
Let v(f) = 3*f - 2. Let x(s) be the third derivative of s**5/20 - s**3/6 + 3*s**2